 + 3*a**2 - 3*a + 0*a**3. Suppose 7 = 3*y + d, -2*d = y + 3*d + 7. What is the units digit of j(y)?
4
Suppose 5*j = 96 + 29. Let b be (8/(-10))/((-10)/j). Suppose b*k + 38 = 4*c, -c - 3*c = 5*k - 59. What is the units digit of c?
1
Let h be 6 + (0 - (-3 + 5)). Let r(k) = k + 1. What is the units digit of r(h)?
5
Suppose 4*j + 16 = 2*o, 5*j - o + 22 = o. Let i = 14 + j. What is the units digit of i?
8
Let j(b) = b**2 - 11*b - 25. What is the tens digit of j(-13)?
8
Suppose -26 - 58 = -3*l. Suppose -l = -6*f + 4*f. What is the tens digit of f?
1
Let n(m) = -4*m**3 - 3*m**2 - m + 2. What is the units digit of n(-2)?
4
Let f be ((-2)/(-3))/((-10)/45). Let p = -15 - -7. Let o = f - p. What is the units digit of o?
5
Let z = 9 - 3. Suppose v + 3*v = 2*u + 10, 3*v - 2*u - z = 0. What is the units digit of v?
4
Let i(o) = -o**3 + o**2 + o - 4. Let s be i(0). Suppose 2*c = -2*z, 4*z + 40 = 5*c + z. What is the units digit of (s - -3) + c/1?
4
Let g(p) = -p + 12. Let a be g(10). What is the units digit of -2*(a - 42/4)?
7
Let b(q) = -q + 16. What is the tens digit of b(-16)?
3
Suppose -3*x - 9 = -3*v, 5*v + 7*x - 2*x = 45. Suppose 3*r - v = -3. What is the units digit of r?
1
What is the tens digit of 246 + ((4 - 6) + -1)/(-3)?
4
Suppose 2*k = 7*k. Let q = 6 + k. Suppose q - 18 = -3*h. What is the units digit of h?
4
Suppose 2*w + 4 = 14. Let i(u) = -u**2 + 8*u - 3. What is the tens digit of i(w)?
1
Let d(u) = u**2 + u + 2. Let n be d(-2). Suppose 2*t + 15 = -y + 36, -n*y = 5*t - 75. What is the units digit of y?
5
Suppose 14 = 5*c - 3*c. Let k be ((-21)/6)/7*-8. Suppose 71 - c = k*f. What is the units digit of f?
6
Let r(p) = -p. Let m be r(0). Let f = m - -4. Suppose f*y = o, 2*o + 3*y - 13 = -2*y. What is the units digit of o?
4
Suppose 0 = 2*d - 1 - 137. What is the units digit of d?
9
Suppose -3*y + 47 = -2*y. What is the units digit of y?
7
Suppose 0 = -3*x + 15 - 0. Suppose -2*b = -4, -3*n = -4*n + 5*b - 8. Suppose x*u = 5, -3*u = n*t - 2*u - 11. What is the units digit of t?
5
Let u(g) = -118*g**3 - 2*g**2 + 1. What is the tens digit of u(-1)?
1
Suppose -g - 2 = 5*q, 0 = -3*g + 2*q - 4*q - 6. Let j = 5 + g. What is the units digit of j?
3
What is the tens digit of (-1 - -9 - 0)*2?
1
Let c = 1 + 2. Suppose -2*v - c*v + 90 = 0. What is the tens digit of v?
1
Suppose -a = -2*a. Let w = 12 + a. What is the tens digit of w?
1
Suppose -2*c - 38 + 8 = -2*g, -5*g - 4*c = -120. Let b = g - 8. What is the units digit of b?
2
Let y(f) = f**2 - 17*f - 60. What is the tens digit of y(25)?
4
Suppose c - 2*c + 5 = 0. Suppose -f + 5 = -2*a - 0, -c*a = 5. What is the units digit of f?
3
Let s(y) = 3*y**3 - 9*y**2. Let b(u) = 7*u**3 - 19*u**2 + u - 1. Let q(m) = 2*b(m) - 5*s(m). What is the units digit of q(7)?
2
Suppose -5*m + 20 = 0, -s + 5*m = -35 - 1. What is the units digit of s?
6
Suppose 3*v = v - 6. Let d(i) = 4*i + 4. Let g(o) = -7*o - 8. Let b(w) = v*g(w) - 5*d(w). What is the units digit of b(8)?
2
Suppose -185 = -v - 143. What is the units digit of v?
2
Suppose 3*i - 22 - 38 = 0. Let s = -1 - -1. Suppose s = 2*q - 6*q + i. What is the units digit of q?
5
What is the tens digit of ((-196)/35)/((-1)/5)?
2
Suppose -6*q + 2*q + 8 = 0. Suppose -4*y + 28 = 4*n, 51 = 5*y - q*y - 3*n. What is the tens digit of y?
1
Let i be ((-88)/(-6))/(3/9). Suppose 4*h + 0*h = i. What is the units digit of h?
1
Let x(l) = -6*l - 3. What is the units digit of x(-6)?
3
Suppose 0 = -x - 0*x - 5*t - 45, -4*t = -2*x - 90. What is the units digit of (6/(-5))/(6/x)?
9
Let r(w) = w**3 + 9*w**2 + 6*w - 10. Let d be r(-7). Let p = d - 64. What is the units digit of p/45 + 94/10?
9
Let k(p) = -p - 2. Let l be k(2). Let t(s) = s**3 + 5*s**2 + 3*s - 5. Let f be t(l). Let d = 2 + f. What is the units digit of d?
1
Suppose 100 = -4*h + 5*d, -d = -2*h - 10 - 40. Let w = h + 35. What is the units digit of 1/3 + w/6?
2
What is the tens digit of (10 - -3) + -2 + 0?
1
Suppose -4*d + a = -13, -2*a - 1 - 1 = 0. Suppose -23 - 4 = -d*b. Suppose 2*g = b + 1, 0 = -4*j + 5*g + 7. What is the units digit of j?
8
Let h(t) = 7*t**2 + 3*t + 8. What is the tens digit of h(-4)?
0
Let a be 4/(24/(-21))*-2. Let c = 11 - a. Suppose 2*h = -d - 1, 2*d - c*h - 44 = -2*d. What is the units digit of d?
7
Let o(t) = t**2 - 11*t + 22. What is the tens digit of o(12)?
3
Let i = 44 + -25. Let a = i - 8. What is the tens digit of a?
1
Let k be 2/(2/27)*2. What is the units digit of -5*(k/(-15) + 1)?
3
Let s(a) = -a**3 - 12*a**2 - 13*a + 14. What is the tens digit of s(-11)?
3
Let b(o) = -2 - 6*o - o - o + 2*o. Let i = -7 - -3. What is the units digit of b(i)?
2
Let a(f) = -29*f**3 - 2*f - 2. What is the tens digit of a(-1)?
2
Let p be (2/4)/((-2)/24). Let o(v) = -9*v - 6. Let k be o(p). Suppose 2*f = -2*f + k. What is the tens digit of f?
1
Let y(i) = -14*i + 36. What is the tens digit of y(-13)?
1
Suppose 5*q - 325 - 35 = -5*p, -2*q = -6. Suppose 2*s = -5*y + p, s - 5*s + 63 = -5*y. What is the tens digit of s?
2
Let a(r) = 2*r - 8. Let k be a(6). What is the units digit of -1 + (11 - (-8)/k)?
2
Suppose -3*o + 21 = -3*i + 4*i, 0 = -3*o - 15. What is the tens digit of i?
3
Let r be 10/20 + 2/(-4). Suppose p - 3*p + 74 = r. What is the tens digit of p?
3
Let t be (30/(-4))/(1/2). Let s = 5 - t. What is the units digit of s?
0
Let s(p) = -7*p**3. Suppose -2*c + x - 9 = 0, 0*c = -c + 5*x - 18. Let t = -4 - c. What is the units digit of s(t)?
7
Let y(x) = 46*x - 31. Let c(p) = -9*p + 6. Let v(o) = -11*c(o) - 2*y(o). What is the tens digit of v(7)?
4
Suppose 2*z + 3*k - 5 = 0, k - 7 = -4. Let l = -1 - z. What is the units digit of l?
1
Let r be -1*(1 - 3) + 2. Suppose 8 = 2*v, 2*v - 40 - r = -3*g. What is the tens digit of g?
1
Let l = 27 - 9. What is the tens digit of l?
1
Let z = 11 + -6. Suppose z*j = 5*d - 20, -2*j = 4*d - 7*d + 15. What is the units digit of d?
7
Let s be 0 - (2 + 0) - -1. Let o = 10 + s. What is the units digit of o?
9
Let v(w) = -w. Let m be v(-4). Suppose 0 = -4*d + 3*r + 72, -2*d + 10 = -m*r - 16. What is the tens digit of d?
2
Let p(s) = -6*s + 25. What is the tens digit of p(-5)?
5
Suppose -u - 4*c - 64 = -5*u, -5*u - 3*c + 120 = 0. Let q be (-219)/(-21) - 12/(-21). Let o = u - q. What is the units digit of o?
0
Let j(g) be the first derivative of 2*g**3/3 - 7*g**2/2 - 3*g - 3. Let m be j(6). Suppose -4*p + 67 = m. What is the units digit of p?
0
What is the units digit of 1/((-1)/(-1)) + 2?
3
Suppose 5*c + 3*j = 4, -2*c = -3*j + 2 + 9. Let q be 1 - 3 - -3 - c. Let f = q + 3. What is the units digit of f?
5
Let i = 8 + -10. Let y be i/(-11) - (-8)/(-44). Let f = y - -8. What is the units digit of f?
8
Let v be (-8)/(-28) - 74/14. What is the tens digit of (v - -3) + 18 + 1?
1
Let q be 428/6 - (-4)/6. Suppose p = -3*p + q. What is the tens digit of p?
1
Suppose -g + 32 = 3*g. What is the units digit of g?
8
Suppose 7*o + 17 = 115. Let v(k) = k**2 - 14*k + 17. What is the units digit of v(o)?
7
Suppose -3*m - 4 = -4*m. Suppose -4*v + 36 = -m*b, 15 + 17 = 3*v + 2*b. What is the tens digit of v?
1
Let o = 42 - 24. What is the units digit of o?
8
Let z(t) = -100*t**3 + t**2 + t. Let h be z(-1). What is the tens digit of h/2*1/2?
2
What is the hundreds digit of 15/(-2 + (95/9)/5)?
1
Suppose 0 = 3*d - 4*b + 46, -2*d - 2*b - 40 = -0*d. What is the units digit of (9/d)/(1/(-6))?
3
What is the tens digit of 2405/40 - 1/8?
6
Let v = 10 + -12. What is the units digit of (-50)/8*8/v?
5
Suppose 5*p = -25, -5*p + 3 = -o + 2. What is the tens digit of (0 + o/4)*-2?
1
Let l(x) = 5*x**2 - 4*x - 27. What is the hundreds digit of l(7)?
1
Let n = 217 + -105. What is the hundreds digit of n?
1
Suppose m + 0*z + 2*z = 2, -4*z + 12 = 4*m. Let u = m + -1. Let k = u - 2. What is the units digit of k?
1
What is the tens digit of ((-1)/1)/((-11)/858)?
7
Let n(c) = -c**2 + c. Let v be n(1). Let h = v - -7. What is the units digit of h?
7
Let a = 11 + -7. Let m = 5 - a. Suppose -w + 2 = m. What is the units digit of w?
1
Let h(k) = k**3 - 2*k. Let b be h(2). Suppose -6 = -b*r + 26. What is the units digit of r?
8
Let w(m) = 5*m - 4. Suppose 0 = 3*a - 7 - 2. What is the tens digit of w(a)?
1
Let v(g) = 6*g - 13. What is the units digit of v(5)?
7
Let f be 25 - 0 - 0/7. What is the units digit of f/4 - (-3)/(-12)?
6
Let y